{"id":2754,"date":"2023-08-31T13:44:42","date_gmt":"2023-08-31T13:44:42","guid":{"rendered":"https:\/\/almedica.lv\/?post_type=product&#038;p=2754"},"modified":"2023-09-29T09:53:36","modified_gmt":"2023-09-29T09:53:36","slug":"estelite-color-sviesoje-kietinama-medziaga-05-ml","status":"publish","type":"product","link":"https:\/\/almedica.lv\/index.php\/produktas\/estelite-color-sviesoje-kietinama-medziaga-05-ml\/","title":{"rendered":"Estelite COLOR gaismas cietin\u0101t\u0101js (0,5 ml)"},"content":{"rendered":"<p><span class=\"HwtZe\" lang=\"lt\"><span class=\"HwtZe\" lang=\"lv\"><span class=\"jCAhz ChMk0b\"><span class=\"ryNqvb\">Estelite Color ir zemas viskozit\u0101tes gaismas ciet\u0113\u0161anas to\u0146i piel\u0101gotu to\u0146u \u012bpa\u0161\u012bb\u0101m tie\u0161\u0101s un netie\u0161\u0101s sve\u0137u restaur\u0101cij\u0101s.<\/span><\/span> <span class=\"jCAhz ChMk0b\"><span class=\"ryNqvb\">Estelite Color var uzkl\u0101t zem vai starp kompoz\u012btmateri\u0101lu zobu restaur\u0101cijas sl\u0101\u0146iem, lai uzlabotu visp\u0101r\u0113jo est\u0113tiku.<\/span><\/span><\/span><br \/>\n<\/span><\/p>\n<p><span class=\"HwtZe\" lang=\"lv\"><span class=\"jCAhz ChMk0b\"><span class=\"ryNqvb\">13 Estelite Color kr\u0101sas (skat\u012bt att\u0113lu):<\/span><\/span><\/span><\/p>\n<ul>\n<li>Clear<\/li>\n<li>Blue<\/li>\n<li>Gray<\/li>\n<li>Lavender<\/li>\n<li>Yellow<\/li>\n<li>Ochre<\/li>\n<li>Dark brown<\/li>\n<li>Red<\/li>\n<li>White<\/li>\n<li>Low chroma opaque<\/li>\n<li>Medium chroma opaque<\/li>\n<li>High chroma opaque<\/li>\n<li>Pink opaque<\/li>\n<\/ul>\n<p>0,5 ml (0,9 g)<\/p>\n","protected":false},"excerpt":{"rendered":"<p>Estelite Color ir zemas viskozit\u0101tes gaismas ciet\u0113\u0161anas to\u0146i piel\u0101gotu to\u0146u \u012bpa\u0161\u012bb\u0101m tie\u0161\u0101s un netie\u0161\u0101s sve\u0137u restaur\u0101cij\u0101s. Estelite Color var uzkl\u0101t zem vai starp kompoz\u012btmateri\u0101lu zobu restaur\u0101cijas sl\u0101\u0146iem, lai uzlabotu visp\u0101r\u0113jo est\u0113tiku. 13 Estelite Color kr\u0101sas (skat\u012bt att\u0113lu): Clear Blue Gray Lavender Yellow Ochre Dark brown Red White Low chroma opaque Medium chroma opaque High chroma [&hellip;]<\/p>\n","protected":false},"featured_media":2784,"comment_status":"open","ping_status":"closed","template":"","meta":{"ocean_post_layout":"","ocean_both_sidebars_style":"","ocean_both_sidebars_content_width":0,"ocean_both_sidebars_sidebars_width":0,"ocean_sidebar":"0","ocean_second_sidebar":"0","ocean_disable_margins":"enable","ocean_add_body_class":"","ocean_shortcode_before_top_bar":"","ocean_shortcode_after_top_bar":"","ocean_shortcode_before_header":"","ocean_shortcode_after_header":"","ocean_has_shortcode":"","ocean_shortcode_after_title":"","ocean_shortcode_before_footer_widgets":"","ocean_shortcode_after_footer_widgets":"","ocean_shortcode_before_footer_bottom":"","ocean_shortcode_after_footer_bottom":"","ocean_display_top_bar":"default","ocean_display_header":"default","ocean_header_style":"","ocean_center_header_left_menu":"0","ocean_custom_header_template":"0","ocean_custom_logo":0,"ocean_custom_retina_logo":0,"ocean_custom_logo_max_width":0,"ocean_custom_logo_tablet_max_width":0,"ocean_custom_logo_mobile_max_width":0,"ocean_custom_logo_max_height":0,"ocean_custom_logo_tablet_max_height":0,"ocean_custom_logo_mobile_max_height":0,"ocean_header_custom_menu":"0","ocean_menu_typo_font_family":"0","ocean_menu_typo_font_subset":"","ocean_menu_typo_font_size":0,"ocean_menu_typo_font_size_tablet":0,"ocean_menu_typo_font_size_mobile":0,"ocean_menu_typo_font_size_unit":"px","ocean_menu_typo_font_weight":"","ocean_menu_typo_font_weight_tablet":"","ocean_menu_typo_font_weight_mobile":"","ocean_menu_typo_transform":"","ocean_menu_typo_transform_tablet":"","ocean_menu_typo_transform_mobile":"","ocean_menu_typo_line_height":0,"ocean_menu_typo_line_height_tablet":0,"ocean_menu_typo_line_height_mobile":0,"ocean_menu_typo_line_height_unit":"","ocean_menu_typo_spacing":0,"ocean_menu_typo_spacing_tablet":0,"ocean_menu_typo_spacing_mobile":0,"ocean_menu_typo_spacing_unit":"","ocean_menu_link_color":"","ocean_menu_link_color_hover":"","ocean_menu_link_color_active":"","ocean_menu_link_background":"","ocean_menu_link_hover_background":"","ocean_menu_link_active_background":"","ocean_menu_social_links_bg":"","ocean_menu_social_hover_links_bg":"","ocean_menu_social_links_color":"","ocean_menu_social_hover_links_color":"","ocean_disable_title":"default","ocean_disable_heading":"default","ocean_post_title":"","ocean_post_subheading":"","ocean_post_title_style":"","ocean_post_title_background_color":"","ocean_post_title_background":0,"ocean_post_title_bg_image_position":"","ocean_post_title_bg_image_attachment":"","ocean_post_title_bg_image_repeat":"","ocean_post_title_bg_image_size":"","ocean_post_title_height":0,"ocean_post_title_bg_overlay":0.5,"ocean_post_title_bg_overlay_color":"","ocean_disable_breadcrumbs":"default","ocean_breadcrumbs_color":"","ocean_breadcrumbs_separator_color":"","ocean_breadcrumbs_links_color":"","ocean_breadcrumbs_links_hover_color":"","ocean_display_footer_widgets":"default","ocean_display_footer_bottom":"default","ocean_custom_footer_template":"0"},"product_brand":[],"product_cat":[32,24,51],"product_tag":[],"class_list":{"0":"post-2754","1":"product","2":"type-product","3":"status-publish","4":"has-post-thumbnail","6":"product_cat-plombesanas-materiali","7":"product_cat-stomatologiskie-materiali","8":"product_cat-tokuyama-dental","10":"entry","11":"has-media","13":"first","14":"instock","15":"shipping-taxable","16":"product-type-variable","17":"has-product-nav","18":"col","19":"span_1_of_4","20":"owp-content-center","21":"item-entry","22":"owp-thumbs-layout-vertical","23":"owp-btn-normal","24":"owp-tabs-layout-vertical","26":"circle-sale"},"_links":{"self":[{"href":"https:\/\/almedica.lv\/index.php\/wp-json\/wp\/v2\/product\/2754","targetHints":{"allow":["GET"]}}],"collection":[{"href":"https:\/\/almedica.lv\/index.php\/wp-json\/wp\/v2\/product"}],"about":[{"href":"https:\/\/almedica.lv\/index.php\/wp-json\/wp\/v2\/types\/product"}],"replies":[{"embeddable":true,"href":"https:\/\/almedica.lv\/index.php\/wp-json\/wp\/v2\/comments?post=2754"}],"wp:featuredmedia":[{"embeddable":true,"href":"https:\/\/almedica.lv\/index.php\/wp-json\/wp\/v2\/media\/2784"}],"wp:attachment":[{"href":"https:\/\/almedica.lv\/index.php\/wp-json\/wp\/v2\/media?parent=2754"}],"wp:term":[{"taxonomy":"product_brand","embeddable":true,"href":"https:\/\/almedica.lv\/index.php\/wp-json\/wp\/v2\/product_brand?post=2754"},{"taxonomy":"product_cat","embeddable":true,"href":"https:\/\/almedica.lv\/index.php\/wp-json\/wp\/v2\/product_cat?post=2754"},{"taxonomy":"product_tag","embeddable":true,"href":"https:\/\/almedica.lv\/index.php\/wp-json\/wp\/v2\/product_tag?post=2754"}],"curies":[{"name":"wp","href":"https:\/\/api.w.org\/{rel}","templated":true}]}}