{"id":2931,"date":"2023-08-31T13:46:15","date_gmt":"2023-08-31T13:46:15","guid":{"rendered":"https:\/\/almedica.lv\/?post_type=product&#038;p=2931"},"modified":"2023-09-29T06:13:11","modified_gmt":"2023-09-29T06:13:11","slug":"ultradent-opalescence-go-6-balinimo-kapos","status":"publish","type":"product","link":"https:\/\/almedica.lv\/index.php\/produktas\/ultradent-opalescence-go-6-balinimo-kapos\/","title":{"rendered":"Ultradent Opalescence GO 6% balino\u0161ais g\u0113ls"},"content":{"rendered":"<p><span class=\"HwtZe\" lang=\"lv\"><span class=\"jCAhz ChMk0b\"><span class=\"ryNqvb\">Opalescence Go ir ide\u0101li piem\u0113rotas vienreiz\u0113j\u0101s balin\u0101\u0161anas papl\u0101tes.<\/span><\/span> <span class=\"jCAhz ChMk0b\"><span class=\"ryNqvb\">Kapi ir univers\u0101li (viens izm\u0113rs der visiem).<\/span><\/span> <span class=\"jCAhz ChMk0b\"><span class=\"ryNqvb\">PF (k\u0101lija nitr\u0101ts un fluors), ko satur Opalescence balino\u0161ais g\u0113ls, piem\u012bt \u012bpa\u0161\u012bbas, kas stiprina zobu emalju un samazina kariesa risku.<\/span><\/span><\/span><\/p>\n<p><strong><span class=\"HwtZe\" lang=\"lv\"><span class=\"jCAhz ChMk0b\"><span class=\"ryNqvb\">Lieto\u0161ana:<\/span><\/span><\/span><\/strong><\/p>\n<p><span class=\"HwtZe\" lang=\"lv\"><span class=\"jCAhz ChMk0b\"><span class=\"ryNqvb\">Kaps sast\u0101v no 2 k\u0101rt\u0101m.<\/span><\/span> <span class=\"jCAhz ChMk0b\"><span class=\"ryNqvb\">P\u0113c v\u0101ci\u0146a uzlik\u0161anas tiek nor\u012btas siekalas (tad peroks\u012bdu saturo\u0161ais vid\u0113jais sl\u0101nis piel\u012bp pie zobiem) un p\u0113c tam tiek no\u0146emts \u0101r\u0113jais (sarkanais) sl\u0101nis.<\/span><\/span> <span class=\"jCAhz ChMk0b\"><span class=\"ryNqvb\">Iek\u0161\u0113jam sl\u0101nim vajadz\u0113tu palikt uz zobiem 15-60 min\u016btes (atkar\u012bb\u0101 no peroks\u012bda koncentr\u0101cijas, zobu jut\u012bguma).<\/span><\/span> <span class=\"jCAhz ChMk0b\"><span class=\"ryNqvb\">Opalescence Go kr\u016bz\u012bt\u0113m ir papla\u0161in\u0101ts mol\u0101ra laukums, t\u0101p\u0113c kr\u016bz\u012btes turas stingr\u0101k.<\/span><\/span><\/span><\/p>\n<p><span class=\"HwtZe\" lang=\"lv\"><span class=\"jCAhz ChMk0b\"><span class=\"ryNqvb\">Gar\u0161a: Melone<\/span><\/span><\/span><\/p>\n<p><strong><span class=\"HwtZe\" lang=\"lv\"><span class=\"jCAhz ChMk0b\"><span class=\"ryNqvb\">Iepakojum\u0101 10 gab.<\/span><\/span><\/span><\/strong><\/p>\n<p>#whitening #teethwhitening<\/p>\n","protected":false},"excerpt":{"rendered":"<p>Opalescence Go ir ide\u0101li piem\u0113rotas vienreiz\u0113j\u0101s balin\u0101\u0161anas papl\u0101tes. Kapi ir univers\u0101li (viens izm\u0113rs der visiem). PF (k\u0101lija nitr\u0101ts un fluors), ko satur Opalescence balino\u0161ais g\u0113ls, piem\u012bt \u012bpa\u0161\u012bbas, kas stiprina zobu emalju un samazina kariesa risku. Lieto\u0161ana: Kaps sast\u0101v no 2 k\u0101rt\u0101m. P\u0113c v\u0101ci\u0146a uzlik\u0161anas tiek nor\u012btas siekalas (tad peroks\u012bdu saturo\u0161ais vid\u0113jais sl\u0101nis piel\u012bp pie zobiem) [&hellip;]<\/p>\n","protected":false},"featured_media":2953,"comment_status":"open","ping_status":"closed","template":"","meta":{"ocean_post_layout":"","ocean_both_sidebars_style":"","ocean_both_sidebars_content_width":0,"ocean_both_sidebars_sidebars_width":0,"ocean_sidebar":"0","ocean_second_sidebar":"0","ocean_disable_margins":"enable","ocean_add_body_class":"","ocean_shortcode_before_top_bar":"","ocean_shortcode_after_top_bar":"","ocean_shortcode_before_header":"","ocean_shortcode_after_header":"","ocean_has_shortcode":"","ocean_shortcode_after_title":"","ocean_shortcode_before_footer_widgets":"","ocean_shortcode_after_footer_widgets":"","ocean_shortcode_before_footer_bottom":"","ocean_shortcode_after_footer_bottom":"","ocean_display_top_bar":"default","ocean_display_header":"default","ocean_header_style":"","ocean_center_header_left_menu":"0","ocean_custom_header_template":"0","ocean_custom_logo":0,"ocean_custom_retina_logo":0,"ocean_custom_logo_max_width":0,"ocean_custom_logo_tablet_max_width":0,"ocean_custom_logo_mobile_max_width":0,"ocean_custom_logo_max_height":0,"ocean_custom_logo_tablet_max_height":0,"ocean_custom_logo_mobile_max_height":0,"ocean_header_custom_menu":"0","ocean_menu_typo_font_family":"0","ocean_menu_typo_font_subset":"","ocean_menu_typo_font_size":0,"ocean_menu_typo_font_size_tablet":0,"ocean_menu_typo_font_size_mobile":0,"ocean_menu_typo_font_size_unit":"px","ocean_menu_typo_font_weight":"","ocean_menu_typo_font_weight_tablet":"","ocean_menu_typo_font_weight_mobile":"","ocean_menu_typo_transform":"","ocean_menu_typo_transform_tablet":"","ocean_menu_typo_transform_mobile":"","ocean_menu_typo_line_height":0,"ocean_menu_typo_line_height_tablet":0,"ocean_menu_typo_line_height_mobile":0,"ocean_menu_typo_line_height_unit":"","ocean_menu_typo_spacing":0,"ocean_menu_typo_spacing_tablet":0,"ocean_menu_typo_spacing_mobile":0,"ocean_menu_typo_spacing_unit":"","ocean_menu_link_color":"","ocean_menu_link_color_hover":"","ocean_menu_link_color_active":"","ocean_menu_link_background":"","ocean_menu_link_hover_background":"","ocean_menu_link_active_background":"","ocean_menu_social_links_bg":"","ocean_menu_social_hover_links_bg":"","ocean_menu_social_links_color":"","ocean_menu_social_hover_links_color":"","ocean_disable_title":"default","ocean_disable_heading":"default","ocean_post_title":"","ocean_post_subheading":"","ocean_post_title_style":"","ocean_post_title_background_color":"","ocean_post_title_background":0,"ocean_post_title_bg_image_position":"","ocean_post_title_bg_image_attachment":"","ocean_post_title_bg_image_repeat":"","ocean_post_title_bg_image_size":"","ocean_post_title_height":0,"ocean_post_title_bg_overlay":0.5,"ocean_post_title_bg_overlay_color":"","ocean_disable_breadcrumbs":"default","ocean_breadcrumbs_color":"","ocean_breadcrumbs_separator_color":"","ocean_breadcrumbs_links_color":"","ocean_breadcrumbs_links_hover_color":"","ocean_display_footer_widgets":"default","ocean_display_footer_bottom":"default","ocean_custom_footer_template":"0"},"product_brand":[],"product_cat":[24,109,110,26],"product_tag":[],"class_list":{"0":"post-2931","1":"product","2":"type-product","3":"status-publish","4":"has-post-thumbnail","6":"product_cat-stomatologiskie-materiali","7":"product_cat-zobu-balinasana","8":"product_cat-zobu-balinasana-zobu-higienai","9":"product_cat-zobu-higienai","11":"entry","12":"has-media","14":"first","15":"instock","16":"shipping-taxable","17":"product-type-simple","18":"has-product-nav","19":"col","20":"span_1_of_4","21":"owp-content-center","22":"item-entry","23":"owp-thumbs-layout-vertical","24":"owp-btn-normal","25":"owp-tabs-layout-vertical","26":"has-no-thumbnails","28":"circle-sale"},"_links":{"self":[{"href":"https:\/\/almedica.lv\/index.php\/wp-json\/wp\/v2\/product\/2931","targetHints":{"allow":["GET"]}}],"collection":[{"href":"https:\/\/almedica.lv\/index.php\/wp-json\/wp\/v2\/product"}],"about":[{"href":"https:\/\/almedica.lv\/index.php\/wp-json\/wp\/v2\/types\/product"}],"replies":[{"embeddable":true,"href":"https:\/\/almedica.lv\/index.php\/wp-json\/wp\/v2\/comments?post=2931"}],"wp:featuredmedia":[{"embeddable":true,"href":"https:\/\/almedica.lv\/index.php\/wp-json\/wp\/v2\/media\/2953"}],"wp:attachment":[{"href":"https:\/\/almedica.lv\/index.php\/wp-json\/wp\/v2\/media?parent=2931"}],"wp:term":[{"taxonomy":"product_brand","embeddable":true,"href":"https:\/\/almedica.lv\/index.php\/wp-json\/wp\/v2\/product_brand?post=2931"},{"taxonomy":"product_cat","embeddable":true,"href":"https:\/\/almedica.lv\/index.php\/wp-json\/wp\/v2\/product_cat?post=2931"},{"taxonomy":"product_tag","embeddable":true,"href":"https:\/\/almedica.lv\/index.php\/wp-json\/wp\/v2\/product_tag?post=2931"}],"curies":[{"name":"wp","href":"https:\/\/api.w.org\/{rel}","templated":true}]}}